
35
Let g(m) be the third derivative of -13/6*m**3 + 0 + m**2 + 0*m - 1/8*m**4. Let u be g(-9). What is the highest common divisor of 112 and u?
14
Suppose -20*w + 452 = -1828. What is the greatest common divisor of w and 380?
38
Let b = 152 + -150. Suppose 7 - 247 = -b*n. Calculate the greatest common divisor of n and 40.
40
Let w(u) = -3*u + 4. Let h be w(-3). Suppose -148*j + 5760 + 7708 = 0. Calculate the greatest common factor of j and h.
13
Let m(c) = -c**3 + 14*c**2 + 18*c - 21. Let f be m(15). Let x(y) = y**3 + 10*y**2 - 12*y. Let r be x(-10). What is the greatest common divisor of r and f?
24
Let u be 33/21 + 1/((-28)/(-12)). Suppose 6*t - 60 = t - 5*i, -2*i - 8 = -u*t. Let p = 12 - -8. What is the highest common divisor of p and t?
4
Let f(d) = -d**3 - 74*d**2 - 218*d + 30. Let x be f(-71). What is the greatest common factor of x and 70?
35
Suppose 2*n + 480 = 2*c - 82, c = -5*n + 305. Calculate the highest common factor of 15 and c.
15
Suppose 4*m = 3*f - m - 800, -5*m - 5 = 0. Calculate the greatest common divisor of f and 212.
53
Suppose 5*c - 3*c + 206 = 0. Suppose -359 = 5*n + 5*d - 4, 2*n + 138 = -4*d. Let y = n - c. Calculate the highest common divisor of y and 90.
30
Suppose 0*r - 2*r + 216 = 0. Suppose -14*t + 20*t = 216. What is the highest common divisor of t and r?
36
Suppose 10*k + 1578 - 258 = 0. Let v = -110 - k. Calculate the greatest common divisor of v and 44.
22
Let r(y) = -y**3 + 9*y**2 - 11*y - 9. Let s be r(7). Let u(w) = -47*w + 5. Let p be u(-5). Suppose 3*c - p = c. What is the highest common divisor of s and c?
12
Let s(b) = -3*b**2 - 169*b - 4. Let r be s(-20). Calculate the highest common factor of 128 and r.
128
Suppose -4*y - v + 479 = 0, -4*y - 4*v + 43 = -433. Calculate the highest common divisor of 45 and y.
15
Let h = 16 + -14. Suppose 586 = -h*l + 4*l. Suppose 3*s - 288 = s - 4*w, 3*w - l = -2*s. Calculate the greatest common divisor of s and 14.
14
Suppose -62*f = -10231 - 29821. Calculate the highest common factor of f and 68.
34
Let y = 18 + -13. Let u(t) = -4*t - 115. Let i be u(-40). What is the greatest common factor of i and y?
5
Let h = -21 + 22. Let p be (121/h)/(3/6). Let o = 1 - -21. What is the highest common factor of p and o?
22
Suppose -3*z - 2 = 5*o - 72, z = -3*o + 26. Calculate the highest common divisor of 16 and z.
4
Let b = 26 + -19. Calculate the greatest common factor of 63 and b.
7
Let g be ((-3)/(-6))/((-9)/(-432)). Calculate the highest common divisor of 24 and g.
24
Let j(s) be the second derivative of -189*s**5/20 - s**4/12 - s**3/6 - 11*s. Let d be j(-1). What is the highest common factor of d and 21?
21
Let u(v) = -3*v**3 - 5*v**2 - v + 9. Let r be u(-3). Suppose -2*o + o + 120 = 0. Calculate the greatest common factor of o and r.
24
Let w(u) = -u**3 + 11*u**2 - 10*u + 28. Let o be w(10). Suppose 25 = 3*j - p - 0*p, 4*j + 3*p = 29. What is the greatest common divisor of o and j?
4
Suppose -3*s + 5 = 5*x, 0*x + 3*s = 3*x - 27. Suppose 1 = -x*o + 33. Calculate the greatest common factor of o and 16.
8
Suppose -4*w + 96 = -4*l + 24, -3*w + 44 = -5*l. Let k = 83 - w. What is the greatest common divisor of 10 and k?
10
Let v be 90*(-1)/(-8)*4. Let n = -150 - -375. Calculate the highest common divisor of v and n.
45
Let a be ((-1144)/(-33))/(1*2/6). Suppose 6*p - 326 + a = 0. What is the greatest common factor of p and 407?
37
Let k be -5*9/45*-11. What is the highest common factor of k and 671?
11
Let v be (-1326)/(-20) + (-201)/670. Calculate the highest common divisor of 561 and v.
33
Suppose -n + k - 10 + 5 = 0, 4*n + 5*k - 25 = 0. Suppose -w + 5*a - 10 = 0, -4*w - 4*a + 56 = -n*w. Calculate the greatest common factor of 90 and w.
10
Let h(m) = 9*m + 29. Let j(v) = 5*v + 15. Suppose 0 = -9*l + 45 - 9. Let x(z) = l*h(z) - 7*j(z). Let k be x(-6). What is the highest common factor of 1 and k?
1
Let c = 10 + -6. Suppose -10 + c = -d. Suppose -45 = -d*q + 3*q. What is the greatest common divisor of q and 30?
15
Let n = 18 - 26. Let j be -4 - (n + (-4 - -6)). Suppose 2*l + j*l = 92. What is the highest common factor of l and 184?
23
Let f(z) be the second derivative of -z**5/20 - 3*z**4/4 + 11*z**3/6 + 23*z**2/2 + 2*z. Let y be f(-10). What is the highest common divisor of y and 65?
13
Let j(c) = c**2 + 2*c - 4. Let p be j(2). Suppose -5*a + 2*s + 1432 = -2*s, 0 = -p*a - s + 1154. Calculate the greatest common factor of a and 32.
32
Let i(k) = k + 51. Let y be i(-11). What is the highest common factor of y and 760?
40
Let y be (-45090)/(-39) - (-66)/(-429). Calculate the highest common factor of 68 and y.
68
Let p = 182 + 62. Suppose -7*l - p = -664. What is the greatest common divisor of l and 36?
12
Suppose -30 - 18 = -8*z. Calculate the highest common divisor of 186 and z.
6
Suppose -2*o + 76 = 18. Calculate the greatest common factor of o and 261.
29
Let o be 19155/255 - (-2)/(-17). What is the highest common divisor of 125 and o?
25
Suppose 406 + 3458 = 7*q. Calculate the greatest common divisor of 192 and q.
24
Let j be 4/18 + 1928/72. Calculate the greatest common factor of j and 6.
3
Let c(k) = -229*k - 509. Let v be c(-5). What is the greatest common divisor of 12 and v?
12
Let f = -1563 + 1113. Let q(b) = -b**3 - 6*b**2 + 2*b + 13. Let v be q(-6). Let g be v/(3/f*-2). What is the greatest common factor of 15 and g?
15
Let p(m) = 8 + 2*m + 4 + 6 + 3. Let q be p(0). Let f be (q + 1)/1 - -2. What is the greatest common factor of 24 and f?
24
Let p = 44 + -39. Suppose -19 = p*k - 159. What is the greatest common factor of 140 and k?
28
Suppose -3 = 5*z + 3*r, -z = 4*z - 3*r - 3. Suppose 3*c - 20 = -c. Suppose z = c*l - 2*v - 50, -v = 4*v. What is the greatest common divisor of 5 and l?
5
Let i(f) be the first derivative of f**4/4 - 2*f**3 + f**2/2 + 8*f - 14. Let r be i(6). What is the highest common divisor of r and 7?
7
Let t(n) = n**3 + 5*n**2 - 2*n - 1. Let b be t(-4). What is the greatest common factor of b and 184?
23
Suppose 7*k - 2245 - 1525 = -19*k. Suppose -2*i - 4*o + 41 = -75, 3*o = 0. What is the highest common factor of k and i?
29
Suppose 63*k = 62*k - 1. Let w(v) = -v**2 + 5. Let t be w(6). Let c = k - t. Calculate the greatest common factor of 20 and c.
10
Suppose -483 + 3 = -5*v. What is the greatest common divisor of v and 216?
24
Suppose z = -9*s + 6*s + 648, 216 = s - 5*z. Calculate the greatest common divisor of s and 27.
27
Suppose -i = -6*i + 15. Suppose 32*w - 30*w - 72 = 3*u, -2*u - 113 = -3*w. Calculate the highest common factor of w and i.
3
Let t(k) = -29*k + 51. Let r be t(-10). Calculate the highest common divisor of r and 31.
31
Let a(k) = 2*k**2 + 35*k + 40. Let c be a(-20). What is the greatest common factor of c and 28?
28
Let d(h) = -h**2 - 20*h - 16. Let c be d(-19). What is the greatest common divisor of c and 81?
3
Suppose 5*j = -3*u + 192, -87 = -u + 4*j - 23. What is the highest common factor of 176 and u?
16
Let y(h) = 105*h - 8. Let m be y(13). Calculate the highest common factor of m and 46.
23
Let t be -7*1*(-97 - -10). What is the greatest common factor of 168 and t?
21
Let s = 183 + -135. Calculate the greatest common factor of 128 and s.
16
Suppose -3*h - 2*h - 2*y + 25 = 0, -2*y - 25 = -5*h. Suppose 3*o - 2*t = 85, -5*o + 9*o - 80 = -4*t. Calculate the highest common divisor of o and h.
5
Suppose 16 = 4*k - 0*k + r, 3*k - 1 = 2*r. Let v be k/2*40/30. Suppose -3*p + 24 = 4*m - 5*p, -v*m = -4*p - 6. Calculate the highest common factor of 56 and m.
7
Let y be 16*(-63)/(-70)*5. What is the highest common factor of 216 and y?
72
Let i = 51 - 51. Suppose -4*s + i*s = -52. Calculate the highest common factor of 39 and s.
13
Let w(o) = -2*o**3 - 7*o**2 - 4*o + 6. Let z be w(-5). Suppose y + 68 = z. What is the greatest common divisor of y and 363?
33
Let p(w) = 4*w**2 + 2*w - 2. Let z be 4/14 - 38/(-14). Let a be p(z). Suppose -3 + 13 = 2*s. What is the greatest common divisor of a and s?
5
Let i = -1104 - -1354. Calculate the highest common factor of i and 10.
10
Let m = 2447 + -2302. What is the greatest common divisor of 10 and m?
5
Let z(k) = 4*k - 110. Let b be z(28). What is the greatest common divisor of b and 98?
2
Let h be 51/12 - -2*4/(-32). Suppose d - 7 = -3. Suppose 2*w = d*j + 14, -4*w + h*j + 17 = w. Calculate t